{"id":438,"date":"2018-07-19T15:33:40","date_gmt":"2018-07-19T15:33:40","guid":{"rendered":"http:\/\/conciergedolomites.com\/?page_id=438"},"modified":"2018-07-21T10:17:53","modified_gmt":"2018-07-21T10:17:53","slug":"tour-ai-mercatini-di-natale-brunico-ortisei-e-chiusa","status":"publish","type":"page","link":"https:\/\/www.conciergedolomites.com\/de\/tour-ai-mercatini-di-natale-brunico-ortisei-e-chiusa\/","title":{"rendered":"ALPEN ADVENDT SARNTAL UND KLAUSEN"},"content":{"rendered":"<div id=\"cs-content\" class=\"cs-content\"><\/div>\n","protected":false},"excerpt":{"rendered":"<p>TOUR AI MERCATINI DI NATALE BRUNICO, ORTISEI E CHIUSAJeden Samstag von der Er\u00f6ffnung bis zur Schlie\u00dfung der M\u00e4rkteWir bringen Sie zu den sch\u00f6nsten Weihnachtsm\u00e4rkten in S\u00fcdtirol.Besichtigung von der Stadt und Weihnachtsmarkt von\u00a0Bruneck, Brixen und St. Ulrich.R\u00fcckkehr cca. um 17 UhrDETAILS:\u00a0nach AbspracheCONTACTSF\u00fcr weitere Informationen info@walkandbike.info+39 338 8791372<\/p>\n","protected":false},"author":1,"featured_media":0,"parent":0,"menu_order":0,"comment_status":"closed","ping_status":"closed","template":"template-blank-4.php","meta":{"_mi_skip_tracking":false,"_monsterinsights_sitenote_active":false,"_monsterinsights_sitenote_note":"","_monsterinsights_sitenote_category":0},"yoast_head":"<!-- This site is optimized with the Yoast SEO plugin v20.11 - https:\/\/yoast.com\/wordpress\/plugins\/seo\/ -->\n<title>ALPEN ADVENDT SARNTAL UND KLAUSEN - Concierge Dolomites<\/title>\n<meta name=\"robots\" content=\"index, follow, max-snippet:-1, max-image-preview:large, max-video-preview:-1\" \/>\n<link rel=\"canonical\" href=\"https:\/\/www.conciergedolomites.com\/de\/tour-ai-mercatini-di-natale-brunico-ortisei-e-chiusa\/\" \/>\n<meta property=\"og:locale\" content=\"de_DE\" \/>\n<meta property=\"og:type\" content=\"article\" \/>\n<meta property=\"og:title\" content=\"ALPEN ADVENDT SARNTAL UND KLAUSEN - Concierge Dolomites\" \/>\n<meta property=\"og:description\" content=\"TOUR AI MERCATINI DI NATALE BRUNICO, ORTISEI E CHIUSAJeden Samstag von der Er\u00f6ffnung bis zur Schlie\u00dfung der M\u00e4rkteWir bringen Sie zu den sch\u00f6nsten Weihnachtsm\u00e4rkten in S\u00fcdtirol.Besichtigung von der Stadt und Weihnachtsmarkt von\u00a0Bruneck, Brixen und St. Ulrich.R\u00fcckkehr cca. um 17 UhrDETAILS:\u00a0nach AbspracheCONTACTSF\u00fcr weitere Informationen info@walkandbike.info+39 338 8791372\" \/>\n<meta property=\"og:url\" content=\"https:\/\/www.conciergedolomites.com\/de\/tour-ai-mercatini-di-natale-brunico-ortisei-e-chiusa\/\" \/>\n<meta property=\"og:site_name\" content=\"Concierge Dolomites\" \/>\n<meta property=\"article:publisher\" content=\"https:\/\/www.facebook.com\/conciergedolomites\/\" \/>\n<meta property=\"article:modified_time\" content=\"2018-07-21T10:17:53+00:00\" \/>\n<meta name=\"twitter:card\" content=\"summary_large_image\" \/>\n<meta name=\"twitter:label1\" content=\"Gesch\u00e4tzte Lesezeit\" \/>\n\t<meta name=\"twitter:data1\" content=\"1\u00a0Minute\" \/>\n<script type=\"application\/ld+json\" class=\"yoast-schema-graph\">{\"@context\":\"https:\/\/schema.org\",\"@graph\":[{\"@type\":\"WebPage\",\"@id\":\"https:\/\/www.conciergedolomites.com\/de\/tour-ai-mercatini-di-natale-brunico-ortisei-e-chiusa\/\",\"url\":\"https:\/\/www.conciergedolomites.com\/de\/tour-ai-mercatini-di-natale-brunico-ortisei-e-chiusa\/\",\"name\":\"ALPEN ADVENDT SARNTAL UND KLAUSEN - Concierge Dolomites\",\"isPartOf\":{\"@id\":\"https:\/\/www.conciergedolomites.com\/#website\"},\"datePublished\":\"2018-07-19T15:33:40+00:00\",\"dateModified\":\"2018-07-21T10:17:53+00:00\",\"breadcrumb\":{\"@id\":\"https:\/\/www.conciergedolomites.com\/de\/tour-ai-mercatini-di-natale-brunico-ortisei-e-chiusa\/#breadcrumb\"},\"inLanguage\":\"de\",\"potentialAction\":[{\"@type\":\"ReadAction\",\"target\":[\"https:\/\/www.conciergedolomites.com\/de\/tour-ai-mercatini-di-natale-brunico-ortisei-e-chiusa\/\"]}]},{\"@type\":\"BreadcrumbList\",\"@id\":\"https:\/\/www.conciergedolomites.com\/de\/tour-ai-mercatini-di-natale-brunico-ortisei-e-chiusa\/#breadcrumb\",\"itemListElement\":[{\"@type\":\"ListItem\",\"position\":1,\"name\":\"Home\",\"item\":\"https:\/\/www.conciergedolomites.com\/de\/\"},{\"@type\":\"ListItem\",\"position\":2,\"name\":\"ALPEN ADVENDT SARNTAL UND KLAUSEN\"}]},{\"@type\":\"WebSite\",\"@id\":\"https:\/\/www.conciergedolomites.com\/#website\",\"url\":\"https:\/\/www.conciergedolomites.com\/\",\"name\":\"Concierge Dolomites\",\"description\":\"Noleggio con conducente e Tours delle Dolomiti\",\"potentialAction\":[{\"@type\":\"SearchAction\",\"target\":{\"@type\":\"EntryPoint\",\"urlTemplate\":\"https:\/\/www.conciergedolomites.com\/?s={search_term_string}\"},\"query-input\":\"required name=search_term_string\"}],\"inLanguage\":\"de\"}]}<\/script>\n<!-- \/ Yoast SEO plugin. -->","yoast_head_json":{"title":"ALPEN ADVENDT SARNTAL UND KLAUSEN - Concierge Dolomites","robots":{"index":"index","follow":"follow","max-snippet":"max-snippet:-1","max-image-preview":"max-image-preview:large","max-video-preview":"max-video-preview:-1"},"canonical":"https:\/\/www.conciergedolomites.com\/de\/tour-ai-mercatini-di-natale-brunico-ortisei-e-chiusa\/","og_locale":"de_DE","og_type":"article","og_title":"ALPEN ADVENDT SARNTAL UND KLAUSEN - Concierge Dolomites","og_description":"TOUR AI MERCATINI DI NATALE BRUNICO, ORTISEI E CHIUSAJeden Samstag von der Er\u00f6ffnung bis zur Schlie\u00dfung der M\u00e4rkteWir bringen Sie zu den sch\u00f6nsten Weihnachtsm\u00e4rkten in S\u00fcdtirol.Besichtigung von der Stadt und Weihnachtsmarkt von\u00a0Bruneck, Brixen und St. Ulrich.R\u00fcckkehr cca. um 17 UhrDETAILS:\u00a0nach AbspracheCONTACTSF\u00fcr weitere Informationen info@walkandbike.info+39 338 8791372","og_url":"https:\/\/www.conciergedolomites.com\/de\/tour-ai-mercatini-di-natale-brunico-ortisei-e-chiusa\/","og_site_name":"Concierge Dolomites","article_publisher":"https:\/\/www.facebook.com\/conciergedolomites\/","article_modified_time":"2018-07-21T10:17:53+00:00","twitter_card":"summary_large_image","twitter_misc":{"Gesch\u00e4tzte Lesezeit":"1\u00a0Minute"},"schema":{"@context":"https:\/\/schema.org","@graph":[{"@type":"WebPage","@id":"https:\/\/www.conciergedolomites.com\/de\/tour-ai-mercatini-di-natale-brunico-ortisei-e-chiusa\/","url":"https:\/\/www.conciergedolomites.com\/de\/tour-ai-mercatini-di-natale-brunico-ortisei-e-chiusa\/","name":"ALPEN ADVENDT SARNTAL UND KLAUSEN - Concierge Dolomites","isPartOf":{"@id":"https:\/\/www.conciergedolomites.com\/#website"},"datePublished":"2018-07-19T15:33:40+00:00","dateModified":"2018-07-21T10:17:53+00:00","breadcrumb":{"@id":"https:\/\/www.conciergedolomites.com\/de\/tour-ai-mercatini-di-natale-brunico-ortisei-e-chiusa\/#breadcrumb"},"inLanguage":"de","potentialAction":[{"@type":"ReadAction","target":["https:\/\/www.conciergedolomites.com\/de\/tour-ai-mercatini-di-natale-brunico-ortisei-e-chiusa\/"]}]},{"@type":"BreadcrumbList","@id":"https:\/\/www.conciergedolomites.com\/de\/tour-ai-mercatini-di-natale-brunico-ortisei-e-chiusa\/#breadcrumb","itemListElement":[{"@type":"ListItem","position":1,"name":"Home","item":"https:\/\/www.conciergedolomites.com\/de\/"},{"@type":"ListItem","position":2,"name":"ALPEN ADVENDT SARNTAL UND KLAUSEN"}]},{"@type":"WebSite","@id":"https:\/\/www.conciergedolomites.com\/#website","url":"https:\/\/www.conciergedolomites.com\/","name":"Concierge Dolomites","description":"Noleggio con conducente e Tours delle Dolomiti","potentialAction":[{"@type":"SearchAction","target":{"@type":"EntryPoint","urlTemplate":"https:\/\/www.conciergedolomites.com\/?s={search_term_string}"},"query-input":"required name=search_term_string"}],"inLanguage":"de"}]}},"_links":{"self":[{"href":"https:\/\/www.conciergedolomites.com\/de\/wp-json\/wp\/v2\/pages\/438"}],"collection":[{"href":"https:\/\/www.conciergedolomites.com\/de\/wp-json\/wp\/v2\/pages"}],"about":[{"href":"https:\/\/www.conciergedolomites.com\/de\/wp-json\/wp\/v2\/types\/page"}],"author":[{"embeddable":true,"href":"https:\/\/www.conciergedolomites.com\/de\/wp-json\/wp\/v2\/users\/1"}],"replies":[{"embeddable":true,"href":"https:\/\/www.conciergedolomites.com\/de\/wp-json\/wp\/v2\/comments?post=438"}],"version-history":[{"count":3,"href":"https:\/\/www.conciergedolomites.com\/de\/wp-json\/wp\/v2\/pages\/438\/revisions"}],"predecessor-version":[{"id":487,"href":"https:\/\/www.conciergedolomites.com\/de\/wp-json\/wp\/v2\/pages\/438\/revisions\/487"}],"wp:attachment":[{"href":"https:\/\/www.conciergedolomites.com\/de\/wp-json\/wp\/v2\/media?parent=438"}],"curies":[{"name":"wp","href":"https:\/\/api.w.org\/{rel}","templated":true}]}}

<p>TOUR AI MERCATINI DI NATALE BRUNICO, ORTISEI E CHIUSAJeden Samstag von der Eröffnung bis zur Schließung der MärkteWir bringen Sie zu den schönsten Weihnachtsmärkten in Südtirol.Besichtigung von der Stadt und Weihnachtsmarkt von Bruneck, Brixen und St. Ulrich.Rückkehr cca. um 17 UhrDETAILS: nach AbspracheCONTACTSFür weitere Informationen info@walkandbike.info+39 338 8791372</p>

<!-- This site is optimized with the Yoast SEO plugin v20.11 - https://yoast.com/wordpress/plugins/seo/ -->
<title>ALPEN ADVENDT SARNTAL UND KLAUSEN - Concierge Dolomites</title>
<meta name="robots" content="index, follow, max-snippet:-1, max-image-preview:large, max-video-preview:-1" />
<link rel="canonical" href="https://www.conciergedolomites.com/de/tour-ai-mercatini-di-natale-brunico-ortisei-e-chiusa/" />
<meta property="og:locale" content="de_DE" />
<meta property="og:type" content="article" />
<meta property="og:title" content="ALPEN ADVENDT SARNTAL UND KLAUSEN - Concierge Dolomites" />
<meta property="og:description" content="TOUR AI MERCATINI DI NATALE BRUNICO, ORTISEI E CHIUSAJeden Samstag von der Eröffnung bis zur Schließung der MärkteWir bringen Sie zu den schönsten Weihnachtsmärkten in Südtirol.Besichtigung von der Stadt und Weihnachtsmarkt von Bruneck, Brixen und St. Ulrich.Rückkehr cca. um 17 UhrDETAILS: nach AbspracheCONTACTSFür weitere Informationen info@walkandbike.info+39 338 8791372" />
<meta property="og:url" content="https://www.conciergedolomites.com/de/tour-ai-mercatini-di-natale-brunico-ortisei-e-chiusa/" />
<meta property="og:site_name" content="Concierge Dolomites" />
<meta property="article:publisher" content="https://www.facebook.com/conciergedolomites/" />
<meta property="article:modified_time" content="2018-07-21T10:17:53+00:00" />
<meta name="twitter:card" content="summary_large_image" />
<meta name="twitter:label1" content="Geschätzte Lesezeit" />
	<meta name="twitter:data1" content="1 Minute" />
<script type="application/ld+json" class="yoast-schema-graph">{"@context":"https://schema.org","@graph":[{"@type":"WebPage","@id":"https://www.conciergedolomites.com/de/tour-ai-mercatini-di-natale-brunico-ortisei-e-chiusa/","url":"https://www.conciergedolomites.com/de/tour-ai-mercatini-di-natale-brunico-ortisei-e-chiusa/","name":"ALPEN ADVENDT SARNTAL UND KLAUSEN - Concierge Dolomites","isPartOf":{"@id":"https://www.conciergedolomites.com/#website"},"datePublished":"2018-07-19T15:33:40+00:00","dateModified":"2018-07-21T10:17:53+00:00","breadcrumb":{"@id":"https://www.conciergedolomites.com/de/tour-ai-mercatini-di-natale-brunico-ortisei-e-chiusa/#breadcrumb"},"inLanguage":"de","potentialAction":[{"@type":"ReadAction","target":["https://www.conciergedolomites.com/de/tour-ai-mercatini-di-natale-brunico-ortisei-e-chiusa/"]}]},{"@type":"BreadcrumbList","@id":"https://www.conciergedolomites.com/de/tour-ai-mercatini-di-natale-brunico-ortisei-e-chiusa/#breadcrumb","itemListElement":[{"@type":"ListItem","position":1,"name":"Home","item":"https://www.conciergedolomites.com/de/"},{"@type":"ListItem","position":2,"name":"ALPEN ADVENDT SARNTAL UND KLAUSEN"}]},{"@type":"WebSite","@id":"https://www.conciergedolomites.com/#website","url":"https://www.conciergedolomites.com/","name":"Concierge Dolomites","description":"Noleggio con conducente e Tours delle Dolomiti","potentialAction":[{"@type":"SearchAction","target":{"@type":"EntryPoint","urlTemplate":"https://www.conciergedolomites.com/?s={search_term_string}"},"query-input":"required name=search_term_string"}],"inLanguage":"de"}]}</script>
<!-- / Yoast SEO plugin. -->

TOUR AI MERCATINI DI NATALE BRUNICO, ORTISEI E CHIUSAJeden Samstag von der Eröffnung bis zur Schließung der MärkteWir bringen Sie zu den schönsten Weihnachtsmärkten in Südtirol.Besichtigung von der Stadt und Weihnachtsmarkt von Bruneck, Brixen und St. Ulrich.Rückkehr cca. um 17 UhrDETAILS: nach AbspracheCONTACTSFür weitere Informationen info@walkandbike.info+39 338 8791372
