{"id":428,"date":"2018-07-19T15:22:05","date_gmt":"2018-07-19T15:22:05","guid":{"rendered":"http:\/\/conciergedolomites.com\/?page_id=428"},"modified":"2018-07-21T10:08:08","modified_gmt":"2018-07-21T10:08:08","slug":"avvento-alpino-val-sarentino-chiusa","status":"publish","type":"page","link":"https:\/\/www.conciergedolomites.com\/de\/avvento-alpino-val-sarentino-chiusa\/","title":{"rendered":"AVVENTO ALPINO VAL SARENTINO &#038; CHIUSA"},"content":{"rendered":"<div id=\"cs-content\" class=\"cs-content\"><\/div>\n","protected":false},"excerpt":{"rendered":"<p>AVVENTO ALPINO VAL SARENTINO e CHIUSAWir nehmen Sie zu den sch\u00f6nsten Weihnachtsm\u00e4rkten in S\u00fcdtirol.Unsere fahrt begint in Bozen, von dort starten wir um 13:30 und fahren Richtung Sarntal. Bekannt ist das Sarntal f\u00fcr das Kunsthandwerk der\u00a0Federkielstickerei.\u00a0Hier besichtigen wir die Stadt und den Weihnachtsmarkt. Weiter fahren wir nach Klausen wo Sie mittelalterliche Weihnachtsmarkt erleben k\u00f6nnen.R\u00fcckkehr um 19.30.DETAILS:Treffpunkt nach Absprache &#8211; Abfahrt:\u00a0um &#8230;<\/p>\n","protected":false},"author":1,"featured_media":0,"parent":0,"menu_order":0,"comment_status":"closed","ping_status":"closed","template":"template-blank-4.php","meta":{"_mi_skip_tracking":false,"_monsterinsights_sitenote_active":false,"_monsterinsights_sitenote_note":"","_monsterinsights_sitenote_category":0},"yoast_head":"<!-- This site is optimized with the Yoast SEO plugin v20.11 - https:\/\/yoast.com\/wordpress\/plugins\/seo\/ -->\n<title>AVVENTO ALPINO VAL SARENTINO &amp; CHIUSA - Concierge Dolomites<\/title>\n<meta name=\"robots\" content=\"index, follow, max-snippet:-1, max-image-preview:large, max-video-preview:-1\" \/>\n<link rel=\"canonical\" href=\"https:\/\/www.conciergedolomites.com\/de\/avvento-alpino-val-sarentino-chiusa\/\" \/>\n<meta property=\"og:locale\" content=\"de_DE\" \/>\n<meta property=\"og:type\" content=\"article\" \/>\n<meta property=\"og:title\" content=\"AVVENTO ALPINO VAL SARENTINO &amp; CHIUSA - Concierge Dolomites\" \/>\n<meta property=\"og:description\" content=\"AVVENTO ALPINO VAL SARENTINO e CHIUSAWir nehmen Sie zu den sch\u00f6nsten Weihnachtsm\u00e4rkten in S\u00fcdtirol.Unsere fahrt begint in Bozen, von dort starten wir um 13:30 und fahren Richtung Sarntal. Bekannt ist das Sarntal f\u00fcr das Kunsthandwerk der\u00a0Federkielstickerei.\u00a0Hier besichtigen wir die Stadt und den Weihnachtsmarkt. Weiter fahren wir nach Klausen wo Sie mittelalterliche Weihnachtsmarkt erleben k\u00f6nnen.R\u00fcckkehr um 19.30.DETAILS:Treffpunkt nach Absprache - Abfahrt:\u00a0um ...\" \/>\n<meta property=\"og:url\" content=\"https:\/\/www.conciergedolomites.com\/de\/avvento-alpino-val-sarentino-chiusa\/\" \/>\n<meta property=\"og:site_name\" content=\"Concierge Dolomites\" \/>\n<meta property=\"article:publisher\" content=\"https:\/\/www.facebook.com\/conciergedolomites\/\" \/>\n<meta property=\"article:modified_time\" content=\"2018-07-21T10:08:08+00:00\" \/>\n<meta name=\"twitter:card\" content=\"summary_large_image\" \/>\n<meta name=\"twitter:label1\" content=\"Gesch\u00e4tzte Lesezeit\" \/>\n\t<meta name=\"twitter:data1\" content=\"1\u00a0Minute\" \/>\n<script type=\"application\/ld+json\" class=\"yoast-schema-graph\">{\"@context\":\"https:\/\/schema.org\",\"@graph\":[{\"@type\":\"WebPage\",\"@id\":\"https:\/\/www.conciergedolomites.com\/de\/avvento-alpino-val-sarentino-chiusa\/\",\"url\":\"https:\/\/www.conciergedolomites.com\/de\/avvento-alpino-val-sarentino-chiusa\/\",\"name\":\"AVVENTO ALPINO VAL SARENTINO & CHIUSA - Concierge Dolomites\",\"isPartOf\":{\"@id\":\"https:\/\/www.conciergedolomites.com\/#website\"},\"datePublished\":\"2018-07-19T15:22:05+00:00\",\"dateModified\":\"2018-07-21T10:08:08+00:00\",\"breadcrumb\":{\"@id\":\"https:\/\/www.conciergedolomites.com\/de\/avvento-alpino-val-sarentino-chiusa\/#breadcrumb\"},\"inLanguage\":\"de\",\"potentialAction\":[{\"@type\":\"ReadAction\",\"target\":[\"https:\/\/www.conciergedolomites.com\/de\/avvento-alpino-val-sarentino-chiusa\/\"]}]},{\"@type\":\"BreadcrumbList\",\"@id\":\"https:\/\/www.conciergedolomites.com\/de\/avvento-alpino-val-sarentino-chiusa\/#breadcrumb\",\"itemListElement\":[{\"@type\":\"ListItem\",\"position\":1,\"name\":\"Home\",\"item\":\"https:\/\/www.conciergedolomites.com\/de\/\"},{\"@type\":\"ListItem\",\"position\":2,\"name\":\"AVVENTO ALPINO VAL SARENTINO &#038; CHIUSA\"}]},{\"@type\":\"WebSite\",\"@id\":\"https:\/\/www.conciergedolomites.com\/#website\",\"url\":\"https:\/\/www.conciergedolomites.com\/\",\"name\":\"Concierge Dolomites\",\"description\":\"Noleggio con conducente e Tours delle Dolomiti\",\"potentialAction\":[{\"@type\":\"SearchAction\",\"target\":{\"@type\":\"EntryPoint\",\"urlTemplate\":\"https:\/\/www.conciergedolomites.com\/?s={search_term_string}\"},\"query-input\":\"required name=search_term_string\"}],\"inLanguage\":\"de\"}]}<\/script>\n<!-- \/ Yoast SEO plugin. -->","yoast_head_json":{"title":"AVVENTO ALPINO VAL SARENTINO & CHIUSA - Concierge Dolomites","robots":{"index":"index","follow":"follow","max-snippet":"max-snippet:-1","max-image-preview":"max-image-preview:large","max-video-preview":"max-video-preview:-1"},"canonical":"https:\/\/www.conciergedolomites.com\/de\/avvento-alpino-val-sarentino-chiusa\/","og_locale":"de_DE","og_type":"article","og_title":"AVVENTO ALPINO VAL SARENTINO & CHIUSA - Concierge Dolomites","og_description":"AVVENTO ALPINO VAL SARENTINO e CHIUSAWir nehmen Sie zu den sch\u00f6nsten Weihnachtsm\u00e4rkten in S\u00fcdtirol.Unsere fahrt begint in Bozen, von dort starten wir um 13:30 und fahren Richtung Sarntal. Bekannt ist das Sarntal f\u00fcr das Kunsthandwerk der\u00a0Federkielstickerei.\u00a0Hier besichtigen wir die Stadt und den Weihnachtsmarkt. Weiter fahren wir nach Klausen wo Sie mittelalterliche Weihnachtsmarkt erleben k\u00f6nnen.R\u00fcckkehr um 19.30.DETAILS:Treffpunkt nach Absprache - Abfahrt:\u00a0um ...","og_url":"https:\/\/www.conciergedolomites.com\/de\/avvento-alpino-val-sarentino-chiusa\/","og_site_name":"Concierge Dolomites","article_publisher":"https:\/\/www.facebook.com\/conciergedolomites\/","article_modified_time":"2018-07-21T10:08:08+00:00","twitter_card":"summary_large_image","twitter_misc":{"Gesch\u00e4tzte Lesezeit":"1\u00a0Minute"},"schema":{"@context":"https:\/\/schema.org","@graph":[{"@type":"WebPage","@id":"https:\/\/www.conciergedolomites.com\/de\/avvento-alpino-val-sarentino-chiusa\/","url":"https:\/\/www.conciergedolomites.com\/de\/avvento-alpino-val-sarentino-chiusa\/","name":"AVVENTO ALPINO VAL SARENTINO & CHIUSA - Concierge Dolomites","isPartOf":{"@id":"https:\/\/www.conciergedolomites.com\/#website"},"datePublished":"2018-07-19T15:22:05+00:00","dateModified":"2018-07-21T10:08:08+00:00","breadcrumb":{"@id":"https:\/\/www.conciergedolomites.com\/de\/avvento-alpino-val-sarentino-chiusa\/#breadcrumb"},"inLanguage":"de","potentialAction":[{"@type":"ReadAction","target":["https:\/\/www.conciergedolomites.com\/de\/avvento-alpino-val-sarentino-chiusa\/"]}]},{"@type":"BreadcrumbList","@id":"https:\/\/www.conciergedolomites.com\/de\/avvento-alpino-val-sarentino-chiusa\/#breadcrumb","itemListElement":[{"@type":"ListItem","position":1,"name":"Home","item":"https:\/\/www.conciergedolomites.com\/de\/"},{"@type":"ListItem","position":2,"name":"AVVENTO ALPINO VAL SARENTINO &#038; CHIUSA"}]},{"@type":"WebSite","@id":"https:\/\/www.conciergedolomites.com\/#website","url":"https:\/\/www.conciergedolomites.com\/","name":"Concierge Dolomites","description":"Noleggio con conducente e Tours delle Dolomiti","potentialAction":[{"@type":"SearchAction","target":{"@type":"EntryPoint","urlTemplate":"https:\/\/www.conciergedolomites.com\/?s={search_term_string}"},"query-input":"required name=search_term_string"}],"inLanguage":"de"}]}},"_links":{"self":[{"href":"https:\/\/www.conciergedolomites.com\/de\/wp-json\/wp\/v2\/pages\/428"}],"collection":[{"href":"https:\/\/www.conciergedolomites.com\/de\/wp-json\/wp\/v2\/pages"}],"about":[{"href":"https:\/\/www.conciergedolomites.com\/de\/wp-json\/wp\/v2\/types\/page"}],"author":[{"embeddable":true,"href":"https:\/\/www.conciergedolomites.com\/de\/wp-json\/wp\/v2\/users\/1"}],"replies":[{"embeddable":true,"href":"https:\/\/www.conciergedolomites.com\/de\/wp-json\/wp\/v2\/comments?post=428"}],"version-history":[{"count":2,"href":"https:\/\/www.conciergedolomites.com\/de\/wp-json\/wp\/v2\/pages\/428\/revisions"}],"predecessor-version":[{"id":434,"href":"https:\/\/www.conciergedolomites.com\/de\/wp-json\/wp\/v2\/pages\/428\/revisions\/434"}],"wp:attachment":[{"href":"https:\/\/www.conciergedolomites.com\/de\/wp-json\/wp\/v2\/media?parent=428"}],"curies":[{"name":"wp","href":"https:\/\/api.w.org\/{rel}","templated":true}]}}

<p>AVVENTO ALPINO VAL SARENTINO e CHIUSAWir nehmen Sie zu den schönsten Weihnachtsmärkten in Südtirol.Unsere fahrt begint in Bozen, von dort starten wir um 13:30 und fahren Richtung Sarntal. Bekannt ist das Sarntal für das Kunsthandwerk der Federkielstickerei. Hier besichtigen wir die Stadt und den Weihnachtsmarkt. Weiter fahren wir nach Klausen wo Sie mittelalterliche Weihnachtsmarkt erleben können.Rückkehr um 19.30.DETAILS:Treffpunkt nach Absprache &#8211; Abfahrt: um &#8230;</p>

<!-- This site is optimized with the Yoast SEO plugin v20.11 - https://yoast.com/wordpress/plugins/seo/ -->
<title>AVVENTO ALPINO VAL SARENTINO &amp; CHIUSA - Concierge Dolomites</title>
<meta name="robots" content="index, follow, max-snippet:-1, max-image-preview:large, max-video-preview:-1" />
<link rel="canonical" href="https://www.conciergedolomites.com/de/avvento-alpino-val-sarentino-chiusa/" />
<meta property="og:locale" content="de_DE" />
<meta property="og:type" content="article" />
<meta property="og:title" content="AVVENTO ALPINO VAL SARENTINO &amp; CHIUSA - Concierge Dolomites" />
<meta property="og:description" content="AVVENTO ALPINO VAL SARENTINO e CHIUSAWir nehmen Sie zu den schönsten Weihnachtsmärkten in Südtirol.Unsere fahrt begint in Bozen, von dort starten wir um 13:30 und fahren Richtung Sarntal. Bekannt ist das Sarntal für das Kunsthandwerk der Federkielstickerei. Hier besichtigen wir die Stadt und den Weihnachtsmarkt. Weiter fahren wir nach Klausen wo Sie mittelalterliche Weihnachtsmarkt erleben können.Rückkehr um 19.30.DETAILS:Treffpunkt nach Absprache - Abfahrt: um ..." />
<meta property="og:url" content="https://www.conciergedolomites.com/de/avvento-alpino-val-sarentino-chiusa/" />
<meta property="og:site_name" content="Concierge Dolomites" />
<meta property="article:publisher" content="https://www.facebook.com/conciergedolomites/" />
<meta property="article:modified_time" content="2018-07-21T10:08:08+00:00" />
<meta name="twitter:card" content="summary_large_image" />
<meta name="twitter:label1" content="Geschätzte Lesezeit" />
	<meta name="twitter:data1" content="1 Minute" />
<script type="application/ld+json" class="yoast-schema-graph">{"@context":"https://schema.org","@graph":[{"@type":"WebPage","@id":"https://www.conciergedolomites.com/de/avvento-alpino-val-sarentino-chiusa/","url":"https://www.conciergedolomites.com/de/avvento-alpino-val-sarentino-chiusa/","name":"AVVENTO ALPINO VAL SARENTINO & CHIUSA - Concierge Dolomites","isPartOf":{"@id":"https://www.conciergedolomites.com/#website"},"datePublished":"2018-07-19T15:22:05+00:00","dateModified":"2018-07-21T10:08:08+00:00","breadcrumb":{"@id":"https://www.conciergedolomites.com/de/avvento-alpino-val-sarentino-chiusa/#breadcrumb"},"inLanguage":"de","potentialAction":[{"@type":"ReadAction","target":["https://www.conciergedolomites.com/de/avvento-alpino-val-sarentino-chiusa/"]}]},{"@type":"BreadcrumbList","@id":"https://www.conciergedolomites.com/de/avvento-alpino-val-sarentino-chiusa/#breadcrumb","itemListElement":[{"@type":"ListItem","position":1,"name":"Home","item":"https://www.conciergedolomites.com/de/"},{"@type":"ListItem","position":2,"name":"AVVENTO ALPINO VAL SARENTINO &#038; CHIUSA"}]},{"@type":"WebSite","@id":"https://www.conciergedolomites.com/#website","url":"https://www.conciergedolomites.com/","name":"Concierge Dolomites","description":"Noleggio con conducente e Tours delle Dolomiti","potentialAction":[{"@type":"SearchAction","target":{"@type":"EntryPoint","urlTemplate":"https://www.conciergedolomites.com/?s={search_term_string}"},"query-input":"required name=search_term_string"}],"inLanguage":"de"}]}</script>
<!-- / Yoast SEO plugin. -->

AVVENTO ALPINO VAL SARENTINO e CHIUSAWir nehmen Sie zu den schönsten Weihnachtsmärkten in Südtirol.Unsere fahrt begint in Bozen, von dort starten wir um 13:30 und fahren Richtung Sarntal. Bekannt ist das Sarntal für das Kunsthandwerk der Federkielstickerei. Hier besichtigen wir die Stadt und den Weihnachtsmarkt. Weiter fahren wir nach Klausen wo Sie mittelalterliche Weihnachtsmarkt erleben können.Rückkehr um 19.30.DETAILS:Treffpunkt nach Absprache - Abfahrt: um ...
