{"version":"1.0","provider_name":"Concierge Dolomites","provider_url":"https:\/\/www.conciergedolomites.com\/de\/","author_name":"rock01ric02","author_url":"https:\/\/www.conciergedolomites.com\/de\/author\/rock01ric02\/","title":"AVVENTO ALPINO VAL SARENTINO & CHIUSA - Concierge Dolomites","type":"rich","width":600,"height":338,"html":"<blockquote class=\"wp-embedded-content\" data-secret=\"ny9CS5uYdJ\"><a href=\"https:\/\/www.conciergedolomites.com\/de\/avvento-alpino-val-sarentino-chiusa\/\">AVVENTO ALPINO VAL SARENTINO &#038; CHIUSA<\/a><\/blockquote><iframe sandbox=\"allow-scripts\" security=\"restricted\" src=\"https:\/\/www.conciergedolomites.com\/de\/avvento-alpino-val-sarentino-chiusa\/embed\/#?secret=ny9CS5uYdJ\" width=\"600\" height=\"338\" title=\"&#8222;AVVENTO ALPINO VAL SARENTINO &#038; CHIUSA&#8220; &#8211; Concierge Dolomites\" data-secret=\"ny9CS5uYdJ\" frameborder=\"0\" marginwidth=\"0\" marginheight=\"0\" scrolling=\"no\" class=\"wp-embedded-content\"><\/iframe><script type=\"text\/javascript\">\n\/*! This file is auto-generated *\/\n!function(c,d){\"use strict\";var e=!1,o=!1;if(d.querySelector)if(c.addEventListener)e=!0;if(c.wp=c.wp||{},c.wp.receiveEmbedMessage);else if(c.wp.receiveEmbedMessage=function(e){var t=e.data;if(!t);else if(!(t.secret||t.message||t.value));else if(\/[^a-zA-Z0-9]\/.test(t.secret));else{for(var r,s,a,i=d.querySelectorAll('iframe[data-secret=\"'+t.secret+'\"]'),n=d.querySelectorAll('blockquote[data-secret=\"'+t.secret+'\"]'),o=new RegExp(\"^https?:$\",\"i\"),l=0;l<n.length;l++)n[l].style.display=\"none\";for(l=0;l<i.length;l++)if(r=i[l],e.source!==r.contentWindow);else{if(r.removeAttribute(\"style\"),\"height\"===t.message){if(1e3<(s=parseInt(t.value,10)))s=1e3;else if(~~s<200)s=200;r.height=s}if(\"link\"===t.message)if(s=d.createElement(\"a\"),a=d.createElement(\"a\"),s.href=r.getAttribute(\"src\"),a.href=t.value,!o.test(a.protocol));else if(a.host===s.host)if(d.activeElement===r)c.top.location.href=t.value}}},e)c.addEventListener(\"message\",c.wp.receiveEmbedMessage,!1),d.addEventListener(\"DOMContentLoaded\",t,!1),c.addEventListener(\"load\",t,!1);function t(){if(o);else{o=!0;for(var e,t,r,s=-1!==navigator.appVersion.indexOf(\"MSIE 10\"),a=!!navigator.userAgent.match(\/Trident.*rv:11\\.\/),i=d.querySelectorAll(\"iframe.wp-embedded-content\"),n=0;n<i.length;n++){if(!(r=(t=i[n]).getAttribute(\"data-secret\")))r=Math.random().toString(36).substr(2,10),t.src+=\"#?secret=\"+r,t.setAttribute(\"data-secret\",r);if(s||a)(e=t.cloneNode(!0)).removeAttribute(\"security\"),t.parentNode.replaceChild(e,t);t.contentWindow.postMessage({message:\"ready\",secret:r},\"*\")}}}}(window,document);\n<\/script>\n","description":"AVVENTO ALPINO VAL SARENTINO e CHIUSAWir nehmen Sie zu den sch\u00f6nsten Weihnachtsm\u00e4rkten in S\u00fcdtirol.Unsere fahrt begint in Bozen, von dort starten wir um 13:30 und fahren Richtung Sarntal. Bekannt ist das Sarntal f\u00fcr das Kunsthandwerk der\u00a0Federkielstickerei.\u00a0Hier besichtigen wir die Stadt und den Weihnachtsmarkt. Weiter fahren wir nach Klausen wo Sie mittelalterliche Weihnachtsmarkt erleben k\u00f6nnen.R\u00fcckkehr um 19.30.DETAILS:Treffpunkt nach Absprache - Abfahrt:\u00a0um ..."}

AVVENTO ALPINO VAL SARENTINO e CHIUSAWir nehmen Sie zu den schönsten Weihnachtsmärkten in Südtirol.Unsere fahrt begint in Bozen, von dort starten wir um 13:30 und fahren Richtung Sarntal. Bekannt ist das Sarntal für das Kunsthandwerk der Federkielstickerei. Hier besichtigen wir die Stadt und den Weihnachtsmarkt. Weiter fahren wir nach Klausen wo Sie mittelalterliche Weihnachtsmarkt erleben können.Rückkehr um 19.30.DETAILS:Treffpunkt nach Absprache - Abfahrt: um ...
